{"id":453,"date":"2024-03-03T15:35:23","date_gmt":"2024-03-03T15:35:23","guid":{"rendered":"https:\/\/kafiyaeyvazova.com\/?page_id=453"},"modified":"2024-03-03T15:37:48","modified_gmt":"2024-03-03T15:37:48","slug":"ana-sevgisi","status":"publish","type":"page","link":"https:\/\/kafiyaeyvazova.com\/?page_id=453","title":{"rendered":"Ana sevgisi"},"content":{"rendered":"\t\t<div data-elementor-type=\"wp-page\" data-elementor-id=\"453\" class=\"elementor elementor-453\">\n\t\t\t\t<div class=\"elementor-element elementor-element-7e62344 e-flex e-con-boxed wpr-particle-no wpr-jarallax-no wpr-parallax-no wpr-sticky-section-no wpr-equal-height-no e-con e-parent\" data-id=\"7e62344\" data-element_type=\"container\" data-e-type=\"container\">\n\t\t\t\t\t<div class=\"e-con-inner\">\n\t\t\t\t<div class=\"elementor-element elementor-element-a38af5e elementor-widget elementor-widget-image\" data-id=\"a38af5e\" data-element_type=\"widget\" data-e-type=\"widget\" data-widget_type=\"image.default\">\n\t\t\t\t<div class=\"elementor-widget-container\">\n\t\t\t\t\t\t\t\t\t\t\t\t\t\t\t<img fetchpriority=\"high\" decoding=\"async\" width=\"768\" height=\"1024\" src=\"https:\/\/kafiyaeyvazova.com\/wp-content\/uploads\/2023\/05\/Ana-Sevgisi-768x1024.jpg\" class=\"attachment-large size-large wp-image-51\" alt=\"\" srcset=\"https:\/\/kafiyaeyvazova.com\/wp-content\/uploads\/2023\/05\/Ana-Sevgisi-768x1024.jpg 768w, https:\/\/kafiyaeyvazova.com\/wp-content\/uploads\/2023\/05\/Ana-Sevgisi-225x300.jpg 225w, https:\/\/kafiyaeyvazova.com\/wp-content\/uploads\/2023\/05\/Ana-Sevgisi-1152x1536.jpg 1152w, https:\/\/kafiyaeyvazova.com\/wp-content\/uploads\/2023\/05\/Ana-Sevgisi.jpg 1512w\" sizes=\"(max-width: 768px) 100vw, 768px\" \/>\t\t\t\t\t\t\t\t\t\t\t\t\t\t\t<\/div>\n\t\t\t\t<\/div>\n\t\t\t\t\t<\/div>\n\t\t\t\t<\/div>\n\t\t<div class=\"elementor-element elementor-element-b065d1f e-flex e-con-boxed wpr-particle-no wpr-jarallax-no wpr-parallax-no wpr-sticky-section-no wpr-equal-height-no e-con e-parent\" data-id=\"b065d1f\" data-element_type=\"container\" data-e-type=\"container\">\n\t\t\t\t\t<div class=\"e-con-inner\">\n\t\t\t\t<div class=\"elementor-element elementor-element-e1b47fd elementor-widget elementor-widget-text-editor\" data-id=\"e1b47fd\" data-element_type=\"widget\" data-e-type=\"widget\" data-widget_type=\"text-editor.default\">\n\t\t\t\t<div class=\"elementor-widget-container\">\n\t\t\t\t\t\t\t\t\t<p style=\"text-align: center;\"><strong>Kompozisiyan\u0131n ad\u0131:\u00a0Ana Sevgisi<\/strong><\/p><p style=\"text-align: center;\">Texnika:\u00a0akvarel ,ka\u011fiz<\/p><p style=\"text-align: center;\">\u00d6l\u00e7\u00fc:\u00a050\u00d770<\/p><p style=\"text-align: center;\">2022-ci il<\/p><p>\u00a0<\/p><p>\u00a0<\/p>\t\t\t\t\t\t\t\t<\/div>\n\t\t\t\t<\/div>\n\t\t\t\t\t<\/div>\n\t\t\t\t<\/div>\n\t\t<div class=\"elementor-element elementor-element-42b1edd e-flex e-con-boxed wpr-particle-no wpr-jarallax-no wpr-parallax-no wpr-sticky-section-no wpr-equal-height-no e-con e-parent\" data-id=\"42b1edd\" data-element_type=\"container\" data-e-type=\"container\">\n\t\t\t\t\t<div class=\"e-con-inner\">\n\t\t\t\t<div class=\"elementor-element elementor-element-d8fc59d elementor-widget elementor-widget-text-editor\" data-id=\"d8fc59d\" data-element_type=\"widget\" data-e-type=\"widget\" data-widget_type=\"text-editor.default\">\n\t\t\t\t<div class=\"elementor-widget-container\">\n\t\t\t\t\t\t\t\t\t<p>Az\u0259rbaycan \u0259fsan\u0259si olan \u201cH\u0259r\u015f\u0259nin marallar\u0131\u201d \u0259fsan\u0259sind\u0259n \u00e7ox t\u0259sirl\u0259n\u0259r\u0259k, i\u015fimd\u0259 ana sevgisini \u0259ks etdirm\u0259y\u0259 \u00e7al\u0131\u015fd\u0131m. Ana v\u0259 bala maral t\u0259svirl\u0259rinin fonunda insan obraz\u0131nda ana v\u0259 bala yerl\u0259\u015fdirilib. D\u00fc\u015f\u00fcn\u00fcr\u0259m ki, heyvanlar\u0131n \u00f6vladlar\u0131na sevgisi insanlar\u0131nk\u0131ndan f\u0259rql\u0259nmir. Biz\u0259 xo\u015f v\u0259 ya iztirabl\u0131 duy\u011fular\u0131 hiss etdir\u0259n beynimiz (amiqdala) heyvani beyin d\u0259 adlan\u0131r, y\u0259ni heyvanlar\u0131n zehinl\u0259rinin (d\u00fc\u015f\u00fcn\u0259n beyinl\u0259rinin) insanlar\u0131nk\u0131 q\u0259d\u0259r inki\u015faf etm\u0259m\u0259si, onlar\u0131n sevm\u0259diyi, \u00fcz\u00fclm\u0259diyi v\u0259 dig\u0259r duy\u011fular\u0131 ya\u015famad\u0131\u011f\u0131 m\u0259nas\u0131na g\u0259lmir.<\/p>\t\t\t\t\t\t\t\t<\/div>\n\t\t\t\t<\/div>\n\t\t\t\t\t<\/div>\n\t\t\t\t<\/div>\n\t\t<div class=\"elementor-element elementor-element-cee4a81 e-flex e-con-boxed wpr-particle-no wpr-jarallax-no wpr-parallax-no wpr-sticky-section-no wpr-equal-height-no e-con e-parent\" data-id=\"cee4a81\" data-element_type=\"container\" data-e-type=\"container\">\n\t\t\t\t\t<div class=\"e-con-inner\">\n\t\t\t\t<div class=\"elementor-element elementor-element-1c8e2da elementor-widget elementor-widget-image\" data-id=\"1c8e2da\" data-element_type=\"widget\" data-e-type=\"widget\" data-widget_type=\"image.default\">\n\t\t\t\t<div class=\"elementor-widget-container\">\n\t\t\t\t\t\t\t\t\t\t\t\t\t\t\t<img decoding=\"async\" width=\"1024\" height=\"1024\" src=\"https:\/\/kafiyaeyvazova.com\/wp-content\/uploads\/2024\/03\/6_20240303_015639_0004-1024x1024.jpg\" class=\"attachment-large size-large wp-image-455\" alt=\"\" srcset=\"https:\/\/kafiyaeyvazova.com\/wp-content\/uploads\/2024\/03\/6_20240303_015639_0004-1024x1024.jpg 1024w, https:\/\/kafiyaeyvazova.com\/wp-content\/uploads\/2024\/03\/6_20240303_015639_0004-300x300.jpg 300w, https:\/\/kafiyaeyvazova.com\/wp-content\/uploads\/2024\/03\/6_20240303_015639_0004-150x150.jpg 150w, https:\/\/kafiyaeyvazova.com\/wp-content\/uploads\/2024\/03\/6_20240303_015639_0004-768x768.jpg 768w, https:\/\/kafiyaeyvazova.com\/wp-content\/uploads\/2024\/03\/6_20240303_015639_0004-1536x1536.jpg 1536w, https:\/\/kafiyaeyvazova.com\/wp-content\/uploads\/2024\/03\/6_20240303_015639_0004-2048x2048.jpg 2048w, https:\/\/kafiyaeyvazova.com\/wp-content\/uploads\/2024\/03\/6_20240303_015639_0004-600x600.jpg 600w\" sizes=\"(max-width: 1024px) 100vw, 1024px\" \/>\t\t\t\t\t\t\t\t\t\t\t\t\t\t\t<\/div>\n\t\t\t\t<\/div>\n\t\t\t\t\t<\/div>\n\t\t\t\t<\/div>\n\t\t\t\t<\/div>\n\t\t","protected":false},"excerpt":{"rendered":"<p>Kompozisiyan\u0131n ad\u0131:\u00a0Ana Sevgisi Texnika:\u00a0akvarel ,ka\u011fiz \u00d6l\u00e7\u00fc:\u00a050\u00d770 2022-ci il \u00a0 \u00a0 Az\u0259rbaycan \u0259fsan\u0259si olan \u201cH\u0259r\u015f\u0259nin marallar\u0131\u201d \u0259fsan\u0259sind\u0259n \u00e7ox t\u0259sirl\u0259n\u0259r\u0259k, i\u015fimd\u0259 ana sevgisini \u0259ks etdirm\u0259y\u0259 \u00e7al\u0131\u015fd\u0131m. Ana v\u0259 bala maral t\u0259svirl\u0259rinin fonunda insan obraz\u0131nda ana v\u0259 bala yerl\u0259\u015fdirilib. D\u00fc\u015f\u00fcn\u00fcr\u0259m ki, heyvanlar\u0131n \u00f6vladlar\u0131na sevgisi insanlar\u0131nk\u0131ndan f\u0259rql\u0259nmir. Biz\u0259 xo\u015f v\u0259 ya iztirabl\u0131 duy\u011fular\u0131 hiss etdir\u0259n beynimiz (amiqdala) heyvani beyin d\u0259 adlan\u0131r, y\u0259ni heyvanlar\u0131n zehinl\u0259rinin (d\u00fc\u015f\u00fcn\u0259n beyinl\u0259rinin) insanlar\u0131nk\u0131 q\u0259d\u0259r inki\u015faf etm\u0259m\u0259si, onlar\u0131n sevm\u0259diyi, \u00fcz\u00fclm\u0259diyi v\u0259 dig\u0259r duy\u011fular\u0131 ya\u015famad\u0131\u011f\u0131 m\u0259nas\u0131na g\u0259lmir.<\/p>\n","protected":false},"author":1,"featured_media":0,"parent":0,"menu_order":0,"comment_status":"closed","ping_status":"closed","template":"","meta":{"footnotes":""},"class_list":["post-453","page","type-page","status-publish","hentry","entry"],"yoast_head":"<!-- This site is optimized with the Yoast SEO plugin v27.4 - https:\/\/yoast.com\/product\/yoast-seo-wordpress\/ -->\n<title>Ana sevgisi - Kafiy\u0259 Eyvazova<\/title>\n<meta name=\"robots\" content=\"index, follow, max-snippet:-1, max-image-preview:large, max-video-preview:-1\" \/>\n<link rel=\"canonical\" href=\"https:\/\/kafiyaeyvazova.com\/?page_id=453\" \/>\n<meta property=\"og:locale\" content=\"az_AZ\" \/>\n<meta property=\"og:type\" content=\"article\" \/>\n<meta property=\"og:title\" content=\"Ana sevgisi - Kafiy\u0259 Eyvazova\" \/>\n<meta property=\"og:description\" content=\"Kompozisiyan\u0131n ad\u0131:\u00a0Ana Sevgisi Texnika:\u00a0akvarel ,ka\u011fiz \u00d6l\u00e7\u00fc:\u00a050\u00d770 2022-ci il \u00a0 \u00a0 Az\u0259rbaycan \u0259fsan\u0259si olan \u201cH\u0259r\u015f\u0259nin marallar\u0131\u201d \u0259fsan\u0259sind\u0259n \u00e7ox t\u0259sirl\u0259n\u0259r\u0259k, i\u015fimd\u0259 ana sevgisini \u0259ks etdirm\u0259y\u0259 \u00e7al\u0131\u015fd\u0131m. Ana v\u0259 bala maral t\u0259svirl\u0259rinin fonunda insan obraz\u0131nda ana v\u0259 bala yerl\u0259\u015fdirilib. D\u00fc\u015f\u00fcn\u00fcr\u0259m ki, heyvanlar\u0131n \u00f6vladlar\u0131na sevgisi insanlar\u0131nk\u0131ndan f\u0259rql\u0259nmir. Biz\u0259 xo\u015f v\u0259 ya iztirabl\u0131 duy\u011fular\u0131 hiss etdir\u0259n beynimiz (amiqdala) heyvani beyin d\u0259 adlan\u0131r, y\u0259ni heyvanlar\u0131n zehinl\u0259rinin (d\u00fc\u015f\u00fcn\u0259n beyinl\u0259rinin) insanlar\u0131nk\u0131 q\u0259d\u0259r inki\u015faf etm\u0259m\u0259si, onlar\u0131n sevm\u0259diyi, \u00fcz\u00fclm\u0259diyi v\u0259 dig\u0259r duy\u011fular\u0131 ya\u015famad\u0131\u011f\u0131 m\u0259nas\u0131na g\u0259lmir.\" \/>\n<meta property=\"og:url\" content=\"https:\/\/kafiyaeyvazova.com\/?page_id=453\" \/>\n<meta property=\"og:site_name\" content=\"Kafiy\u0259 Eyvazova\" \/>\n<meta property=\"article:modified_time\" content=\"2024-03-03T15:37:48+00:00\" \/>\n<meta property=\"og:image\" content=\"https:\/\/kafiyaeyvazova.com\/wp-content\/uploads\/2023\/05\/Ana-Sevgisi-768x1024.jpg\" \/>\n<meta name=\"twitter:card\" content=\"summary_large_image\" \/>\n<meta name=\"twitter:label1\" content=\"Est. reading time\" \/>\n\t<meta name=\"twitter:data1\" content=\"1 minute\" \/>\n<script type=\"application\/ld+json\" class=\"yoast-schema-graph\">{\"@context\":\"https:\\\/\\\/schema.org\",\"@graph\":[{\"@type\":\"WebPage\",\"@id\":\"https:\\\/\\\/kafiyaeyvazova.com\\\/?page_id=453\",\"url\":\"https:\\\/\\\/kafiyaeyvazova.com\\\/?page_id=453\",\"name\":\"Ana sevgisi - Kafiy\u0259 Eyvazova\",\"isPartOf\":{\"@id\":\"https:\\\/\\\/kafiyaeyvazova.com\\\/#website\"},\"primaryImageOfPage\":{\"@id\":\"https:\\\/\\\/kafiyaeyvazova.com\\\/?page_id=453#primaryimage\"},\"image\":{\"@id\":\"https:\\\/\\\/kafiyaeyvazova.com\\\/?page_id=453#primaryimage\"},\"thumbnailUrl\":\"https:\\\/\\\/kafiyaeyvazova.com\\\/wp-content\\\/uploads\\\/2023\\\/05\\\/Ana-Sevgisi-768x1024.jpg\",\"datePublished\":\"2024-03-03T15:35:23+00:00\",\"dateModified\":\"2024-03-03T15:37:48+00:00\",\"breadcrumb\":{\"@id\":\"https:\\\/\\\/kafiyaeyvazova.com\\\/?page_id=453#breadcrumb\"},\"inLanguage\":\"az\",\"potentialAction\":[{\"@type\":\"ReadAction\",\"target\":[\"https:\\\/\\\/kafiyaeyvazova.com\\\/?page_id=453\"]}]},{\"@type\":\"ImageObject\",\"inLanguage\":\"az\",\"@id\":\"https:\\\/\\\/kafiyaeyvazova.com\\\/?page_id=453#primaryimage\",\"url\":\"https:\\\/\\\/kafiyaeyvazova.com\\\/wp-content\\\/uploads\\\/2023\\\/05\\\/Ana-Sevgisi.jpg\",\"contentUrl\":\"https:\\\/\\\/kafiyaeyvazova.com\\\/wp-content\\\/uploads\\\/2023\\\/05\\\/Ana-Sevgisi.jpg\",\"width\":1512,\"height\":2016},{\"@type\":\"BreadcrumbList\",\"@id\":\"https:\\\/\\\/kafiyaeyvazova.com\\\/?page_id=453#breadcrumb\",\"itemListElement\":[{\"@type\":\"ListItem\",\"position\":1,\"name\":\"\u018fsas s\u0259hif\u0259\",\"item\":\"https:\\\/\\\/kafiyaeyvazova.com\\\/\"},{\"@type\":\"ListItem\",\"position\":2,\"name\":\"Ana sevgisi\"}]},{\"@type\":\"WebSite\",\"@id\":\"https:\\\/\\\/kafiyaeyvazova.com\\\/#website\",\"url\":\"https:\\\/\\\/kafiyaeyvazova.com\\\/\",\"name\":\"Kafiy\u0259 Eyvazova\",\"description\":\"M\u00fcst\u0259qil r\u0259ssam\",\"publisher\":{\"@id\":\"https:\\\/\\\/kafiyaeyvazova.com\\\/#organization\"},\"potentialAction\":[{\"@type\":\"SearchAction\",\"target\":{\"@type\":\"EntryPoint\",\"urlTemplate\":\"https:\\\/\\\/kafiyaeyvazova.com\\\/?s={search_term_string}\"},\"query-input\":{\"@type\":\"PropertyValueSpecification\",\"valueRequired\":true,\"valueName\":\"search_term_string\"}}],\"inLanguage\":\"az\"},{\"@type\":\"Organization\",\"@id\":\"https:\\\/\\\/kafiyaeyvazova.com\\\/#organization\",\"name\":\"Kafiy\u0259 Eyvazova\",\"url\":\"https:\\\/\\\/kafiyaeyvazova.com\\\/\",\"logo\":{\"@type\":\"ImageObject\",\"inLanguage\":\"az\",\"@id\":\"https:\\\/\\\/kafiyaeyvazova.com\\\/#\\\/schema\\\/logo\\\/image\\\/\",\"url\":\"https:\\\/\\\/kafiyaeyvazova.com\\\/wp-content\\\/uploads\\\/2024\\\/03\\\/cropped-Untitled34_20240302171733.png\",\"contentUrl\":\"https:\\\/\\\/kafiyaeyvazova.com\\\/wp-content\\\/uploads\\\/2024\\\/03\\\/cropped-Untitled34_20240302171733.png\",\"width\":2047,\"height\":813,\"caption\":\"Kafiy\u0259 Eyvazova\"},\"image\":{\"@id\":\"https:\\\/\\\/kafiyaeyvazova.com\\\/#\\\/schema\\\/logo\\\/image\\\/\"}}]}<\/script>\n<!-- \/ Yoast SEO plugin. -->","yoast_head_json":{"title":"Ana sevgisi - Kafiy\u0259 Eyvazova","robots":{"index":"index","follow":"follow","max-snippet":"max-snippet:-1","max-image-preview":"max-image-preview:large","max-video-preview":"max-video-preview:-1"},"canonical":"https:\/\/kafiyaeyvazova.com\/?page_id=453","og_locale":"az_AZ","og_type":"article","og_title":"Ana sevgisi - Kafiy\u0259 Eyvazova","og_description":"Kompozisiyan\u0131n ad\u0131:\u00a0Ana Sevgisi Texnika:\u00a0akvarel ,ka\u011fiz \u00d6l\u00e7\u00fc:\u00a050\u00d770 2022-ci il \u00a0 \u00a0 Az\u0259rbaycan \u0259fsan\u0259si olan \u201cH\u0259r\u015f\u0259nin marallar\u0131\u201d \u0259fsan\u0259sind\u0259n \u00e7ox t\u0259sirl\u0259n\u0259r\u0259k, i\u015fimd\u0259 ana sevgisini \u0259ks etdirm\u0259y\u0259 \u00e7al\u0131\u015fd\u0131m. Ana v\u0259 bala maral t\u0259svirl\u0259rinin fonunda insan obraz\u0131nda ana v\u0259 bala yerl\u0259\u015fdirilib. D\u00fc\u015f\u00fcn\u00fcr\u0259m ki, heyvanlar\u0131n \u00f6vladlar\u0131na sevgisi insanlar\u0131nk\u0131ndan f\u0259rql\u0259nmir. Biz\u0259 xo\u015f v\u0259 ya iztirabl\u0131 duy\u011fular\u0131 hiss etdir\u0259n beynimiz (amiqdala) heyvani beyin d\u0259 adlan\u0131r, y\u0259ni heyvanlar\u0131n zehinl\u0259rinin (d\u00fc\u015f\u00fcn\u0259n beyinl\u0259rinin) insanlar\u0131nk\u0131 q\u0259d\u0259r inki\u015faf etm\u0259m\u0259si, onlar\u0131n sevm\u0259diyi, \u00fcz\u00fclm\u0259diyi v\u0259 dig\u0259r duy\u011fular\u0131 ya\u015famad\u0131\u011f\u0131 m\u0259nas\u0131na g\u0259lmir.","og_url":"https:\/\/kafiyaeyvazova.com\/?page_id=453","og_site_name":"Kafiy\u0259 Eyvazova","article_modified_time":"2024-03-03T15:37:48+00:00","og_image":[{"url":"https:\/\/kafiyaeyvazova.com\/wp-content\/uploads\/2023\/05\/Ana-Sevgisi-768x1024.jpg","type":"","width":"","height":""}],"twitter_card":"summary_large_image","twitter_misc":{"Est. reading time":"1 minute"},"schema":{"@context":"https:\/\/schema.org","@graph":[{"@type":"WebPage","@id":"https:\/\/kafiyaeyvazova.com\/?page_id=453","url":"https:\/\/kafiyaeyvazova.com\/?page_id=453","name":"Ana sevgisi - Kafiy\u0259 Eyvazova","isPartOf":{"@id":"https:\/\/kafiyaeyvazova.com\/#website"},"primaryImageOfPage":{"@id":"https:\/\/kafiyaeyvazova.com\/?page_id=453#primaryimage"},"image":{"@id":"https:\/\/kafiyaeyvazova.com\/?page_id=453#primaryimage"},"thumbnailUrl":"https:\/\/kafiyaeyvazova.com\/wp-content\/uploads\/2023\/05\/Ana-Sevgisi-768x1024.jpg","datePublished":"2024-03-03T15:35:23+00:00","dateModified":"2024-03-03T15:37:48+00:00","breadcrumb":{"@id":"https:\/\/kafiyaeyvazova.com\/?page_id=453#breadcrumb"},"inLanguage":"az","potentialAction":[{"@type":"ReadAction","target":["https:\/\/kafiyaeyvazova.com\/?page_id=453"]}]},{"@type":"ImageObject","inLanguage":"az","@id":"https:\/\/kafiyaeyvazova.com\/?page_id=453#primaryimage","url":"https:\/\/kafiyaeyvazova.com\/wp-content\/uploads\/2023\/05\/Ana-Sevgisi.jpg","contentUrl":"https:\/\/kafiyaeyvazova.com\/wp-content\/uploads\/2023\/05\/Ana-Sevgisi.jpg","width":1512,"height":2016},{"@type":"BreadcrumbList","@id":"https:\/\/kafiyaeyvazova.com\/?page_id=453#breadcrumb","itemListElement":[{"@type":"ListItem","position":1,"name":"\u018fsas s\u0259hif\u0259","item":"https:\/\/kafiyaeyvazova.com\/"},{"@type":"ListItem","position":2,"name":"Ana sevgisi"}]},{"@type":"WebSite","@id":"https:\/\/kafiyaeyvazova.com\/#website","url":"https:\/\/kafiyaeyvazova.com\/","name":"Kafiy\u0259 Eyvazova","description":"M\u00fcst\u0259qil r\u0259ssam","publisher":{"@id":"https:\/\/kafiyaeyvazova.com\/#organization"},"potentialAction":[{"@type":"SearchAction","target":{"@type":"EntryPoint","urlTemplate":"https:\/\/kafiyaeyvazova.com\/?s={search_term_string}"},"query-input":{"@type":"PropertyValueSpecification","valueRequired":true,"valueName":"search_term_string"}}],"inLanguage":"az"},{"@type":"Organization","@id":"https:\/\/kafiyaeyvazova.com\/#organization","name":"Kafiy\u0259 Eyvazova","url":"https:\/\/kafiyaeyvazova.com\/","logo":{"@type":"ImageObject","inLanguage":"az","@id":"https:\/\/kafiyaeyvazova.com\/#\/schema\/logo\/image\/","url":"https:\/\/kafiyaeyvazova.com\/wp-content\/uploads\/2024\/03\/cropped-Untitled34_20240302171733.png","contentUrl":"https:\/\/kafiyaeyvazova.com\/wp-content\/uploads\/2024\/03\/cropped-Untitled34_20240302171733.png","width":2047,"height":813,"caption":"Kafiy\u0259 Eyvazova"},"image":{"@id":"https:\/\/kafiyaeyvazova.com\/#\/schema\/logo\/image\/"}}]}},"jetpack_sharing_enabled":true,"_links":{"self":[{"href":"https:\/\/kafiyaeyvazova.com\/index.php?rest_route=\/wp\/v2\/pages\/453","targetHints":{"allow":["GET"]}}],"collection":[{"href":"https:\/\/kafiyaeyvazova.com\/index.php?rest_route=\/wp\/v2\/pages"}],"about":[{"href":"https:\/\/kafiyaeyvazova.com\/index.php?rest_route=\/wp\/v2\/types\/page"}],"author":[{"embeddable":true,"href":"https:\/\/kafiyaeyvazova.com\/index.php?rest_route=\/wp\/v2\/users\/1"}],"replies":[{"embeddable":true,"href":"https:\/\/kafiyaeyvazova.com\/index.php?rest_route=%2Fwp%2Fv2%2Fcomments&post=453"}],"version-history":[{"count":4,"href":"https:\/\/kafiyaeyvazova.com\/index.php?rest_route=\/wp\/v2\/pages\/453\/revisions"}],"predecessor-version":[{"id":458,"href":"https:\/\/kafiyaeyvazova.com\/index.php?rest_route=\/wp\/v2\/pages\/453\/revisions\/458"}],"wp:attachment":[{"href":"https:\/\/kafiyaeyvazova.com\/index.php?rest_route=%2Fwp%2Fv2%2Fmedia&parent=453"}],"curies":[{"name":"wp","href":"https:\/\/api.w.org\/{rel}","templated":true}]}}